 + 35?
3486b0b
In base 13, what is 2 + -8631b3?
-8631b1
In base 16, what is -52168e74 + -4?
-52168e78
In base 13, what is -4149 + 132?
-4017
In base 14, what is 69d0c - 32?
69cba
In base 16, what is -cb60531 + -4?
-cb60535
In base 14, what is 3c0cba + 12?
3c0ccc
In base 9, what is -5571616 - 12?
-5571628
In base 8, what is -7351 - 4066?
-13437
In base 5, what is -140 + 201204?
201014
In base 12, what is -4334b0 - 2?
-4334b2
In base 13, what is -1 + -41a130?
-41a131
In base 14, what is 15 + 2ad029?
2ad040
In base 14, what is -38a2a129 + -1?
-38a2a12a
In base 7, what is -6232634363 - -4?
-6232634356
In base 16, what is -3fe370 + -2?
-3fe372
In base 15, what is -1 + 7b4208?
7b4207
In base 10, what is 4 + 128134287?
128134291
In base 13, what is 141c + -3277?
-1b58
In base 12, what is -b6029 - 44?
-b6071
In base 2, what is -10000110101101111100001 - -1111?
-10000110101101111010010
In base 5, what is 201011 + 2100?
203111
In base 16, what is e472d + 69?
e4796
In base 15, what is -834eeb - 1?
-834eec
In base 8, what is -3 + -1264732211?
-1264732214
In base 6, what is 1050 + -515321?
-514231
In base 8, what is 405737175 - -10?
405737205
In base 7, what is 1534 + -114015?
-112151
In base 13, what is -b7137b - -44?
-b71337
In base 9, what is 435323 - -111?
435434
In base 13, what is cb4a8 - 183?
cb325
In base 12, what is 2311511 - 40?
2311491
In base 9, what is -50 + 1544603?
1544543
In base 3, what is 1101202000122 - 10010?
1101201220112
In base 13, what is c90c3b + 3?
c90c41
In base 8, what is -247245 - 4615?
-254062
In base 6, what is 304100103 - 0?
304100103
In base 8, what is -15740677 - 27?
-15740726
In base 5, what is 12343131 - -121?
12343302
In base 3, what is -20002000 + -1002121?
-21011121
In base 13, what is -28c594a + -4?
-28c5951
In base 5, what is -1333343 - -2342?
-1331001
In base 4, what is 3 - 13222130321?
-13222130312
In base 12, what is 5 + 23879757?
23879760
In base 4, what is 1103332200 + -2?
1103332132
In base 10, what is -5953 - 7834?
-13787
In base 13, what is a27607 + c?
a27616
In base 9, what is 14 + -218633406?
-218633382
In base 10, what is -4 + -215948?
-215952
In base 8, what is -14414202 - -577?
-14413403
In base 2, what is -101 - 11000101110001000011100?
-11000101110001000100001
In base 3, what is -102101102021122 - 2?
-102101102021201
In base 5, what is -31104204 + 343?
-31103311
In base 6, what is 141 - -1001150?
1001331
In base 9, what is -15 + 33580351?
33580335
In base 13, what is -1036869 + 1?
-1036868
In base 11, what is -14a61309 - 2?
-14a61310
In base 13, what is -5b3 + -50?
-633
In base 9, what is -1872 + -1877?
-3860
In base 7, what is 2121 - 165620?
-163466
In base 5, what is -23003412 - 341?
-23004303
In base 4, what is 310203131111 + 222?
310203131333
In base 9, what is 324468864 - -4?
324468868
In base 15, what is -707 - 63bd?
-6ac5
In base 5, what is -3140230323 + 10?
-3140230313
In base 6, what is 22 - 25305523?
-25305501
In base 8, what is 5 + 477417042?
477417047
In base 10, what is -4 - -141532910?
141532906
In base 5, what is 3030 + 1041011?
1044041
In base 9, what is 16452 + 76108?
103561
In base 10, what is 3 + 55578589?
55578592
In base 3, what is -1112 - 1122002020?
-1122010202
In base 14, what is -4 + 17655c9?
17655c5
In base 15, what is -1a8 + 1ace6?
1ab3d
In base 11, what is -5a - 156653?
-156702
In base 11, what is 1324 - 52464?
-51140
In base 4, what is -310313233 - 12030?
-310331323
In base 15, what is -33e - -b569d?
b535e
In base 6, what is -21 + 515333002?
515332541
In base 13, what is -149678 + -215?
-149890
In base 7, what is 20253 - -2035433?
2056016
In base 11, what is -90090 + 303?
-8a888
In base 9, what is 28436051 + -28?
28436022
In base 14, what is 6bdc66 - 0?
6bdc66
In base 7, what is 21124 + 2533?
23660
In base 3, what is 10001112 + -12001210021?
-11221201202
In base 9, what is 3 + 5855436?
5855440
In base 10, what is 3 + -64120032?
-64120029
In base 5, what is 2 + -1412020144?
-1412020142
In base 2, what is -111110100101110011111000 + 101?
-111110100101110011110011
In base 15, what is -19e8e3 - 6?
-19e8e9
In base 16, what is c0c + 25d09?
26915
In base 12, what is -48ab3 - -1145?
-4796a
In base 6, what is 22055054 + 1144?
22100242
In base 15, what is 1c5 + -8126?
-7e51
In base 5, what is -11 - -12002414433?
12002414422
In base 8, what is 3562711 + -562?
3562127
In base 5, what is -20423 - -3304330?
3233402
In base 11, what is 105 + -150825?
-150720
In base 11, what is -37a1a78 - -1?
-37a1a77
In base 16, what is -aa - -235f3?
23549
In base 12, what is -30b2 - 18b?
-3281
In base 4, what is 2 + -100202023132?
-100202023130
In base 9, what is 48853 - 1185?
47657
In base 16, what is d446da + 3?
d446dd
In base 9, what is 1585038 - -108?
1585147
In base 7, what is -2252 + 344522?
342240
In base 10, what is 95 + 74115?
74210
In base 11, what is -903 - 389801?
-38a604
In base 4, what is 1 + -2310320?
-2310313
In base 3, what is -1201 + 20020122121?
20020120220
In base 13, what is 64c2c6 - -a?
64c303
In base 15, what is 3 - -247439?
24743c
In base 9, what is -1727 + 201334?
188506
In base 16, what is 58e + -787?
-1f9
In base 2, what is -1100110011101001100110 + -11?
-1100110011101001101001
In base 6, what is 30 + 12223334?
12223404
In base 8, what is -24 + 11225275?
11225251
In base 14, what is 7448d24 + 1b?
7448d41
In base 9, what is -13721 + 86234?
72413
In base 9, what is 3857455 - -16?
3857472
In base 10, what is 3 + -10534634?
-10534631
In base 7, what is 10 + -26445123?
-26445113
In base 15, what is -9 - -1ae659?
1ae650
In base 5, what is -212 + -1033342422?
-1033343134
In base 2, what is 100001100 - 1011010101101101110?
-1011010101001100010
In base 9, what is -4340234 - 558?
-4340803
In base 16, what is 11b7b9 - -4?
11b7bd
In base 15, what is -37a8e07 - 1?
-37a8e08
In base 5, what is 4021002 + 20043?
4041100
In base 13, what is -59 + -3747?
-37a3
In base 14, what is -12 + 15a5b8?
15a5a6
In base 6, what is -22403 - -3044?
-15315
In base 8, what is -50 - 21565311?
-21565361
In base 13, what is 2a9c85a + -1?
2a9c859
In base 13, what is 93322b - -9?
933237
In base 11, what is 2aa82 + -30?
2aa52
In base 5, what is 10 - -334133431133?
334133431143
In base 10, what is 33663557 - -22?
33663579
In base 15, what is 59ec3 + -27c?
59c46
In base 5, what is 4230044044 + -4?
4230044040
In base 16, what is 19ba + 424?
1dde
In base 16, what is -291e0bad - -4?
-291e0ba9
In base 3, what is 20 - 201112011110?
-201112011020
In base 5, what is -101023420213 - 14?
-101023420232
In base 11, what is -33a0397 + 116?
-33a0281
In base 15, what is 2 - 1276064?
-1276062
In base 6, what is -111430 + -553155?
-1105025
In base 5, what is -134321 - 30010?
-214331
In base 7, what is -1 - 131435501?
-131435502
In base 13, what is 1bbc98 - 2?
1bbc96
In base 4, what is 21002001 + 23212?
21031213
In base 10, what is 208 - -370225?
370433
In base 16, what is -13 - -519ec8?
519eb5
In base 2, what is -110 + -11010100000011011101?
-11010100000011100011
In base 16, what is -23cdb - -5ac?
-2372f
In base 7, what is 55631 + -11456?
44142
In base 3, what is -10122012 + 10220001?
20212
In base 14, what is 13 + -1cd58?
-1cd45
In base 4, what is -300 + -103312303303?
-103312310203
In base 6, what is 112 + -112204102?
-112203550
In base 2, what is -1011110001001011101 + -11110?
-1011110001001111011
In base 15, what is -6ab435 + 2?
-6ab433
In base 4, what is -122210 - 120201103?
-120323313
In base 3, what is 1011110000111000 - 1?
1011110000110222
In base 13, what is b12 - 1151?
-33c
In base 16, what is 2ea5d + 58?
2eab5
In base 3, what is 2000200 + 202022001?
211022201
In base 14, what is -764d530 + -4?
-764d534
In base 11, what is -2685076 - 2?
-2685078
In base 13, what is 17 + 566cc?
56716
In base 7, what is -4 - -34650115?
34650111
In base 3, what is 1100010020000021 - -10?
1100010020000101
In base 6, what is 2 - 14001001335?
-14001001333
In base 8, what is 1107 - 160767?
-157660
In base 2, what is 11110110001 + 110000000000111?
110011110111000
In base 2, what is 100011010010101 - -1000010101111111?
1100110000010100
In base 15, what is 2 + -189ce0?
-189cdd
In base 12, what is 71641 + 86?
71707
In base 13, what is 1169 - -20aa?
3246
In base 4, what is 20201 - -231102?
311303
In base 3, what is -112011122211 - 11100?
-11201121